or of 15 and c.
3
Suppose 0 = -1144*p + 1158*p - 168. What is the highest common divisor of 303 and p?
3
Suppose -12*v = 78*v - 7400 - 2050. Calculate the greatest common divisor of 9975 and v.
105
Let f be (1073 + 1)/(-69 + 70). What is the greatest common divisor of 12 and f?
6
Let g(i) = -45*i + 83. Let a(s) = 44*s - 82. Let o(q) = -5*a(q) - 6*g(q). Let l be o(2). Calculate the highest common divisor of l and 1284.
12
Let c be 17/(17/6) + 36. Suppose c - 192 = -5*h. Calculate the highest common factor of 135 and h.
15
Let b = 90 - 71. Let c(h) = -5*h + 103. Let a be c(b). Let w(k) = 8*k**2. Let z be w(-2). Calculate the highest common divisor of a and z.
8
Let r be 29/(-5) + (40/50 - 0). Let c(f) = 2*f**2 + 14*f + 22. Let w be c(r). Calculate the greatest common divisor of w and 88.
2
Let p = 10 + -10. Suppose p = s - 4*s + 3. Suppose 2*i = -s - 7, 70 = 3*f - i. What is the greatest common factor of 22 and f?
22
Let d(o) = o - 17. Let x be d(9). Let a(j) = 2*j + 24. Let h be a(x). Suppose 0 = -4*p, -2*b + h = 2*b - 5*p. Calculate the greatest common factor of 3 and b.
1
Suppose -6 = -11*q + 148. Let m = 21 + q. Suppose -m = -c + j, -109 = -3*c + j + 4*j. Calculate the greatest common divisor of 11 and c.
11
Let o(d) = 4*d**2 - 8*d + 27. Let w(y) = 7*y**2 - 13*y + 53. Let m(n) = -5*o(n) + 3*w(n). Let l be m(7). Calculate the highest common divisor of 40 and l.
40
Suppose 3*l = -2*c + 353, -4*c = -l - 0*l - 685. Suppose v = -3*v - c. Let y = -36 - v. What is the highest common factor of y and 63?
7
Let s be 3/30*10 - (-769 + (5 - 1)). Calculate the greatest common divisor of s and 2.
2
Let u = -162 + 168. Suppose g = 4*o - 111, 2*g - u = -o + 15. Calculate the greatest common divisor of 6 and o.
3
Let a(b) = -b**2 + 14*b + 76. Suppose 5*c = -3*p - 29, 0*c + 5 = -5*c + 5*p. Let r be a(c). What is the highest common divisor of 52 and r?
4
Let m = 99 + -51. Let r(g) = 133 + 132 - m*g - 262. Let k be r(-2). What is the greatest common divisor of 11 and k?
11
Let q be ((-3)/((-24)/(-32)))/((-4)/95). What is the highest common factor of 20 and q?
5
Suppose 256 = 4*b + 4*j, -2*b + j + 144 = -j. Let u = b + -29. Suppose 3*x - 15 = 0, 3*p - 3*x = -0*p - 6. Calculate the highest common divisor of p and u.
3
Let i(k) = k**2. Let f be i(2). Suppose -f*p - 69 = 135. Let c be ((-2)/(-3))/((-1)/p). Calculate the greatest common divisor of c and 170.
34
Let j = 201 - 198. Suppose 14 = 2*n + j*z - 97, n + 3*z = 51. What is the highest common divisor of n and 80?
20
Let z be -14 - (-27 + -5 + 14). What is the highest common divisor of z and 86?
2
Let t = -40 - -35. Let w be 2 - (-184)/(-1 - t). Let m = -122 - -134. What is the highest common divisor of w and m?
12
Let f(n) = n**2 - 63*n + 1577. Let b be f(86). What is the greatest common factor of 180 and b?
45
Let o(t) = -86*t + 1476. Let q be o(17). Calculate the greatest common factor of q and 728.
14
Let l(m) = m**3 - 22*m**2 + 63*m + 106. Let s be l(21). Calculate the highest common factor of s and 104.
52
Suppose 0 = -11*p + 27*p - 1968. Let g = p - -197. What is the highest common factor of g and 128?
64
Suppose 0 = -3*q + 3*f + 2628, -40*q - 4364 = -45*q - 3*f. What is the highest common factor of 114 and q?
38
Let n be (16/3)/((-43)/387). Let l be n*15/(-6)*6/15. Calculate the highest common factor of 32 and l.
16
Suppose 2*i = -4*l + 10, 11 = -0*l - 4*l + 5*i. Calculate the greatest common factor of 154 and l.
1
Let f be (6/(-4))/((-2)/116). Suppose -3*a + f = 3*w, a + 6 = -2*a. Calculate the highest common divisor of w and 589.
31
Let r = 6539 + -5738. Calculate the greatest common factor of 36 and r.
9
Suppose 2*g - 3*o = -2*o + 106, -g + 3*o + 38 = 0. Calculate the greatest common factor of g and 32.
8
Let z be (4 - 2)*24/(-16). Let w be 13/(-3)*(z/3 - 2). Suppose 0 = 3*y - 5*j + w, 2*y - 4*y = -j - 3. Calculate the greatest common divisor of y and 44.
4
Suppose -3*u = -2*c + 504, 4*u + 381 = c + 129. Suppose 3*g - 386 = -s, 6*s = -2*g + 4*s + c. Calculate the highest common factor of 78 and g.
26
Suppose 0 = -5*m - i + 172, 4*m + 4*i = 74 + 54. Calculate the greatest common factor of m and 475.
5
Let s be 74194 + ((-2205)/15)/7. What is the greatest common divisor of 121 and s?
121
Let p = 116 - 233. Let r = 389 - p. What is the greatest common factor of 46 and r?
46
Let p(r) = -23*r - 148. Let b be 5/(25/(-65)) + 6. Let s be p(b). Calculate the greatest common divisor of 1 and s.
1
Suppose -2*b + 4*b - 91 = b - 2*z, 0 = -2*z. Calculate the greatest common factor of 741 and b.
13
Let y = -53 + 79. Suppose -k = 4*s - 32, -3*k + 2*k = 2*s - y. Suppose 89*z - 2968 = -282*z. What is the greatest common factor of k and z?
4
Let v be 21 + (3/2 + 63/(-42) - 0). What is the greatest common divisor of v and 26691?
21
Let y = 4 - 0. Suppose 68 + 0 = y*r. Suppose 4*g + 13 = -5*u + 10*u, 0 = -u - g - 1. What is the greatest common factor of r and u?
1
Let w(v) = 2*v + 66. Let u be w(-6). Suppose 3*t - 282 = -2*i, 3*i - 397 = 4*t - 8. Calculate the highest common divisor of u and i.
27
Let l be (-47)/9 + (-2)/(-9). Let r be ((-34)/l)/((-2)/(-10)). Suppose 31*f - 2754 = -287*f + 156*f. Calculate the greatest common factor of f and r.
17
Let d = -5875 + 7940. Calculate the highest common factor of 177 and d.
59
Let s(n) = 229*n + 17. Let g be s(-3). Let a = g - -718. What is the highest common divisor of 54 and a?
6
Suppose 4555 = -8*k - 5581. Let p be 3 - 7/(49/k). What is the greatest common factor of p and 23?
23
Suppose 6*j = 3*j + 360. Let b = 135 - j. Calculate the highest common divisor of b and 105.
15
Suppose -27*x + 24*x - 2816 = -19*x. Calculate the highest common factor of x and 320.
16
Suppose -252 = h + 112. Let j = h - -399. Calculate the highest common factor of j and 10.
5
Let p = -12098 - -12105. What is the highest common factor of 10773 and p?
7
Let s = -1398 + 4470. Suppose s = 12*o - 4*o. Calculate the greatest common factor of 12 and o.
12
Let u(c) = -35*c**2 + 295*c. Let n be u(7). What is the highest common divisor of 742 and n?
14
Let x(y) = -17*y + 15. Let v(f) = -19*f + 14. Let g(i) = 7*v(i) - 6*x(i). Let q be g(-2). Calculate the highest common factor of 14 and q.
14
Let k = 708884 - 708836. Suppose -3*h + 612 = -0*h. Calculate the highest common divisor of h and k.
12
Let j = 63 - 127. Let x be (-160)/j + (-6)/4. Calculate the greatest common divisor of x and 15.
1
Let g be (-19546)/(-145)*(-2 - 45/(-10)). Calculate the greatest common factor of 1 and g.
1
Let z be 5442/21 - 3*(-5)/(-105). Calculate the greatest common divisor of 222 and z.
37
Suppose 2*w - 10 + 36 = 4*m, 2*m = 3*w + 11. Suppose 4*t = -m*t. Suppose 4*x - 6*x + 704 = t. What is the greatest common divisor of x and 32?
32
Let z be ((-20250)/600)/((-2)/((-320)/(-6))). Let x be (-90)/z + 541/10. What is the highest common divisor of 6 and x?
6
Suppose 0 = 3*n + 2*n - 60. Let g be ((-57)/n + -1)*-12. Let k(h) = 6*h**2 - 251*h - 19. Let m be k(42). Calculate the highest common factor of m and g.
23
Let u(y) = y**2 - 17*y**3 + 24 - 17*y**3 + y + 35*y**3 - 3*y. Let q be u(0). Calculate the highest common divisor of 36 and q.
12
Let a(g) = -g**2 - 2*g + 6. Let h be a(0). Let n(q) = -q + 16. Let c be n(h). Calculate the greatest common factor of 250 and c.
10
Let j be ((630/(-40))/(-9))/((-3)/(-7656)). What is the highest common factor of 14 and j?
14
Suppose -n + 6*n + 4*i + 2 = 0, 0 = i + 3. Suppose -z + 6*z = -n*f + 196, -5*z = -4*f - 208. Calculate the greatest common divisor of z and 5.
5
Suppose -2410*o - 2618 = -2427*o. What is the greatest common divisor of 224 and o?
14
Let b = 292 - 251. Let h(q) = 77*q - 344. Let w be h(5). What is the greatest common factor of w and b?
41
Let x = -27 - -27. Suppose 2*i - g - 970 = x, 0 = -5*i + g + 1398 + 1024. Suppose -9*d = -13*d + i. Calculate the greatest common factor of d and 11.
11
Let t be 13/(156/(-280))*(-36)/30. Let y be 20/t + (-18)/(-14). Suppose 0*r = -5*r + 30. What is the greatest common factor of y and r?
2
Let f = -28616 - -44885. What is the greatest common factor of 374 and f?
187
Let j = -29 + 53. Let n = 22 - j. Let x be n/(-2) - (40 + -1)*-1. What is the highest common factor of 10 and x?
10
Suppose 206*x - 208*x + u = -7332, -3*x - 2*u + 10977 = 0. Ca